t of x?
2
Let o = 11 - 5. Let i be (27/12)/((-6)/(-32)). Let g = i - o. What is the units digit of g?
6
Let t(f) = -f**3 - 3*f**2 + 4*f + 4. Let o be t(-3). What is the units digit of (-10)/o - (-7)/(-28)?
1
Suppose 0 = v - 17 - 26. What is the units digit of v?
3
Suppose 2*m - 608 = -4*t, -12*m = -2*t - 7*m + 292. What is the hundreds digit of t?
1
Suppose -2*s + 2*o + 14 = 0, -s + 3*o = -0*o - 5. Suppose -2*n + s = -16. What is the tens digit of n?
1
What is the tens digit of (-2 - -3)*5*6?
3
Let p = 51 - 33. What is the units digit of p?
8
Let u be (2/(-4))/(8/(-128)). What is the tens digit of (-4)/(u/(-22)) + 3?
1
Let n(l) = 24*l**2 - 2*l. What is the units digit of n(1)?
2
Let y(t) = 7*t**3 - 2*t**2 + 1. Let c be y(2). Suppose -3*w = 4*m - c, 2*w = -0*w - 2*m + 36. What is the tens digit of w?
2
Let j(f) = 3*f - 2 - 2 + 1. Let p be j(3). Suppose 0 = -z + p*z - 5. What is the units digit of z?
1
Let x(v) be the first derivative of -v**3/3 + 7*v**2/2 + v + 1. What is the tens digit of x(5)?
1
Let w be 23/5 + 18/(-30). Let b = 6 - w. Suppose 32 = 2*h + b*h. What is the units digit of h?
8
Suppose 16 = 3*a + a. Suppose 118 = -4*h + q + q, h - a*q + 12 = 0. Let c = -22 - h. What is the units digit of c?
0
Suppose 5*i = -4*j + 132, 4*i = 2*j + j - 99. What is the units digit of j?
3
Let t = 46 - 21. What is the tens digit of t?
2
Let a be 2/(-9) - 76/(-18). Suppose 0*p - 3*p + 9 = 0. Suppose -4*k = -p*f + 31, -f + 0*f = -a*k - 21. What is the units digit of f?
5
Suppose -v + 71 = -0*v. What is the tens digit of v?
7
Let y = 9 + -11. Let d(z) = -z**2 - 3*z - 1. Let k be d(y). What is the tens digit of (-2)/6*(-50 - k)?
1
Let i(x) = -x + 1. Let o(w) = -w**2 - w + 6. Let d(j) = -2*i(j) - o(j). Let b be d(-6). Suppose 4*p - b = 2*p. What is the units digit of p?
5
Suppose -5*d + 15 = -0*d. Let s(b) = 3*b**2 + 1 - 4*b + 3*b**2 - d*b + 3*b - b**3. What is the tens digit of s(3)?
1
Let j = -19 + 29. Suppose 4*i - i - 3*w - 3 = 0, 4*i - j = w. Suppose -f + i = 2*f. What is the units digit of f?
1
What is the units digit of (34/(-4))/((-3 - -9)/(-24))?
4
Suppose 0 = 2*v - o - 22, 5*o = -3*v + 2*o + 51. What is the tens digit of v?
1
Let g(k) = -k**2 - 4*k - 3. Suppose 5*l = -4*h + 12, -5*l + 4*h - 12 = -2*l. Suppose 0 = -l*v + v + 2. What is the units digit of g(v)?
1
Suppose 4*c - 12 - 4 = 0. Suppose -3*s = -s - 4*q, c*s = -2*q + 30. What is the units digit of s?
6
Suppose 5*v - 10 = 0, -150 = -5*q + 2*v + 31. Let f(p) = 5*p**2 - 2. Let j be f(2). Let h = q - j. What is the tens digit of h?
1
Let m(u) = u**2 - 4*u - 4. What is the tens digit of m(-5)?
4
Let c(k) = -k - 2. Let s be c(5). Let f(w) = -2*w + 2. Let z be f(2). Let p = z - s. What is the units digit of p?
5
Let s be (-6)/(1/(69/(-6))). What is the tens digit of s/6 - 1/2?
1
What is the tens digit of (76/10)/((-4)/(-20))?
3
Let q = -8 + 13. Suppose -q*s = 24 - 119. What is the tens digit of s?
1
Suppose 7*n + 4*b + 45 = 2*n, 30 = -n - 5*b. Let q = n + 6. What is the units digit of q - (-1 - -1)/3?
1
What is the units digit of (-5)/(-45)*146 + (-4)/18?
6
Let w(d) = d**3 + 10*d**2 + d + 11. Let r = -17 + 7. What is the units digit of w(r)?
1
Let s(x) = 11*x - 23. Let c(b) = 39*b - 81. Let i(y) = -5*c(y) + 18*s(y). What is the tens digit of i(7)?
1
Suppose 5*h - 3*j - 10 = 0, 0 = -0*h + 3*h - 4*j - 6. What is the units digit of h?
2
Suppose -2*v = -3*v - 10. Let b = -20 + 9. Let g = v - b. What is the units digit of g?
1
Suppose 4*k - 26 = -3*a, -5*a - 5 = -4*k + k. Suppose 0 = -k*g + g + 44. What is the units digit of g?
1
Suppose 2*x - 4 = 0, -5*h = 2*x - 7*x - 30. Let r = h - -15. What is the units digit of r?
3
Suppose -120 = -5*g - 2*p, 3*g - 3*p - p = 46. Let x = 39 - g. What is the units digit of x?
7
Suppose -7*k = -10*k + 9. Let g = 1 + -1. Let l = k - g. What is the units digit of l?
3
Let h(i) = -3*i - 1. Let d be h(-3). What is the units digit of (d/(-6) - -2)*3?
2
What is the units digit of (-99 - 1)*(-2)/16*4?
0
Let m be 50/(-8) + 1/4. Let o be (-18)/m*(-10)/(-6). Let j(w) = -w**2 + 8*w - 5. What is the units digit of j(o)?
0
Let l(a) = -2*a**3 - 4*a**2 + a + 1. Let z be l(-3). Suppose 5 = v + 3*n + 18, -4*n = z. What is the units digit of v/(-2) + 26/4?
7
Let d = 9 + 0. What is the units digit of d?
9
Let x be (-3 + 1)*-1 - -14. Let u = -7 + x. What is the units digit of (-3)/u + (-28)/(-3)?
9
Let o(b) = b**3 - 5*b**2 - 7*b + 4. Let h(t) = -t**3 + 4*t**2 + 2*t - 2. Let j be h(4). Let y be o(j). Let w = y + 8. What is the units digit of w?
6
Suppose 0 = -2*n - 5*p + 116, -n + 5*p = -0*n - 28. What is the units digit of n?
8
Suppose -3*i + 124 = -5. Let o = -24 + i. What is the tens digit of o?
1
Let c = 13 - 18. What is the tens digit of (24/c)/(3/(-15))?
2
Suppose -3*m + 109 - 7 = 0. What is the units digit of m?
4
What is the units digit of (-6)/(-3 - 0) + 73?
5
Let k = -47 - -187. What is the tens digit of k?
4
Let c = 4 - 4. Let m = 2 + c. Suppose 2*p = 4*p + 3*f - 2, m*f = -p - 1. What is the units digit of p?
7
Let v(t) be the first derivative of 2*t**3/3 + 13*t**2/2 + 2*t - 3. What is the tens digit of v(-9)?
4
Let w(s) = -4*s + 1. Let b be w(1). Suppose -5*k + 15 + 0 = 0. What is the tens digit of (k + b)/2 - -19?
1
Let v(t) = 3*t + 2*t + 0*t + 2 - 2*t. What is the units digit of v(2)?
8
Let i(h) = -h**3 - 7*h**2 - 11*h - 15. What is the tens digit of i(-6)?
1
Let v be (-3 - (-20)/6)*18. Suppose 3*d - 8 = -5*f, 3*d = -3 + v. Suppose 4*g - 69 + f = 0. What is the units digit of g?
7
Let w = 10 - 1. Let h = w + -9. Suppose 0 = -h*o + 5*o - 20. What is the units digit of o?
4
What is the units digit of 31 - 6 - (2 - -2)?
1
Suppose -2*a = 4*d - 82, 3*d - 81 = -2*a - 3. Suppose -k - 3*l + 25 = 0, 2*k + k - 5*l = a. What is the tens digit of k?
1
Suppose 16 + 2 = -3*g. Let s(y) = y**2 - 3*y - 7. Let w be s(g). Suppose 13 = 4*u - w. What is the tens digit of u?
1
Suppose 5*n + 44 - 4 = 0. Let o = n + 5. What is the units digit of 3*((-16)/o + -1)?
3
Let s = 4 + -4. Suppose -32 = -5*t - 3*j, s*t + t = -j + 6. What is the units digit of t?
7
Suppose -4*g - 4*d + 1065 = -9*d, -265 = -g + d. What is the tens digit of g?
6
Let a be 4/(-14) + 12/(-7). Let k be 112/7*a/(-4). Suppose -10 = -13*x + k*x. What is the units digit of x?
2
Let h be (-12)/(-8)*12/9. Suppose 2*x - 14 = z - 0*z, 16 = 2*x - h*z. What is the units digit of x?
6
Suppose -y - 2*y + 54 = -2*u, -3*u = -5*y + 91. Suppose -7*o + 12 = -3*o. Suppose y = o*d + s, 0*s = -d + 4*s + 11. What is the units digit of d?
7
Let k(n) = 2*n**3 - 6*n**2 + 7*n + 4. What is the tens digit of k(4)?
6
What is the units digit of (-3)/(9/(-12)) + 91?
5
Let i be (3 - 18/3)*1. What is the tens digit of i + 6 + 0 + 9?
1
What is the units digit of (-8)/(-20) - (-188)/5?
8
Suppose 5*t + 62 = 242. What is the units digit of t?
6
Suppose 0 = -0*c + 2*c + 12. Let z = 8 + c. Suppose z*i - 39 = -i. What is the tens digit of i?
1
Let w(o) = 6*o - 1. Let b(s) = s. Let r(z) = -5*b(z) + w(z). Suppose 0 = 4*g - 19 + 3. What is the units digit of r(g)?
3
What is the tens digit of (-3 - -1 - 92 - 3)/(-1)?
9
Suppose -2*q - 3 = o, 5*q + 16 - 1 = -4*o. Suppose -5*j = -g + 13, 2*g + q = -j + 3*g. What is the units digit of (-6)/(-9) - 22/j?
8
Let h(l) = -l**3 - 7*l**2 - 6*l. Let v be h(-6). Suppose v = -2*m + m + 20. What is the units digit of m?
0
Let c(r) = -r**2 + 8*r. Let m be c(7). Let i(q) = 7*q**2 - 13*q + 8. Let o(v) = 6*v**2 - 12*v + 8. Let p(a) = -5*i(a) + 6*o(a). What is the units digit of p(m)?
8
Let p(j) = -2*j**3 + j**2 - 2*j - 4. What is the units digit of p(-3)?
5
Let p(c) = -c**2 + 6*c - 6. Let w be p(6). What is the tens digit of (-8)/12 - 88/w?
1
Let j be -81 - (3 - 0/2). What is the units digit of (j/(-15))/((-2)/(-5))?
4
Suppose -66 + 0 = -3*z. What is the units digit of z?
2
Suppose -5*l = -0*l - 45. Let d = -4 + l. Let r(u) = u. What is the units digit of r(d)?
5
Let i(t) = -t + 11. Let a be i(6). Let o(u) = -3*u - 5. Let s be o(a). What is the units digit of 5/s + (-29)/(-4)?
7
Let m(w) = w**2 - 9*w + 1. Let u be m(10). Let s = u + -6. What is the units digit of s?
5
Let y = -46 - -7. Let d = 24 + y. Let n = d + 26. What is the tens digit of n?
1
Let b be 2/((-2)/(-46)*-1). Let a = -28 - b. What is the units digit of a?
8
Let o = -4 